t x(i) = -186*i - 639. Let n be x(-6). Calculate the greatest common factor of n and 18.
9
Let n(b) = -116*b**3 + 2*b. Let t(w) = w**2. Let r(o) = n(o) + t(o). Let f be r(-1). What is the greatest common divisor of 23 and f?
23
Let c(k) be the second derivative of k**4/12 - k**3 + 3*k**2/2 + 23*k. Let i be c(6). Calculate the highest common factor of i and 1.
1
Let f be (-128)/192*(0 + -72). Calculate the highest common factor of 3504 and f.
48
Suppose 842 + 838 = 42*r. Calculate the highest common factor of r and 130.
10
Suppose 0 = 2*k + 118 - 160. Calculate the highest common divisor of k and 77.
7
Let u be 2 - (-4)/(16/(-12)). Let z be (u - (-6 + 3)) + -8. Let g be (-1)/(9/z + 1). What is the highest common factor of g and 3?
1
Suppose 7 = -z + 3*f, -5*z - 5*f + 98 - 33 = 0. What is the greatest common divisor of 32 and z?
8
Let m(r) = -11*r - 24. Let y be m(7). Let l = 106 + y. What is the highest common factor of 45 and l?
5
Suppose -1073 + 258 = -5*k + 2*b, -2*b = -4*k + 654. Let c be 25*(-2)/(-2) + -2. Calculate the highest common factor of k and c.
23
Let p be 8/(8/17) + -4. What is the greatest common divisor of p and 871?
13
Let w = 1362 + -1350. What is the highest common factor of 1788 and w?
12
Let n = 247 - 7. Let p = n + -142. What is the highest common factor of 14 and p?
14
Suppose 2*h + l = -0*l + 7, 3*h - 2*l - 7 = 0. Let f be (-47)/(-3) - (-4)/(-6). Calculate the greatest common factor of h and f.
3
Suppose 0 = -b + 28 + 26. Let v = 140 - 113. Calculate the greatest common divisor of b and v.
27
Let k = 335 - 175. Let q = 49 + -14. Let z = q - 15. What is the highest common factor of k and z?
20
Suppose -4*q + 2*q = 10, -3*q = -4*l + 339. Let s = -117 + l. Let m = s + 53. What is the greatest common divisor of m and 119?
17
Suppose 3*t - 5 = 8*t. Let r be t - 1/(5/(-220)). What is the greatest common divisor of 473 and r?
43
Suppose 65*v - 92*v = -648. Let m = -4 - -7. Let n be 3/2*8*m. Calculate the highest common factor of v and n.
12
Let h be 2 + 2 + -11 + -4. Let l(n) = n**2 - 5*n - 15. Let b be l(h). What is the highest common factor of b and 23?
23
Suppose b + 3 = 0, 85 = 2*f - 2*b - 59. Let c = -258 + 219. Let q = f - c. What is the highest common factor of 12 and q?
12
Let y(i) be the first derivative of -i**3/3 + 11*i**2/2 - 5*i - 4. Let x = 0 + 5. Let u be y(x). What is the greatest common divisor of u and 10?
5
Suppose 1926 = l + 1774. Calculate the greatest common divisor of l and 8.
8
Suppose 4*w - 31 = 137. Suppose 3*a + 4*t - 153 = -2*a, -2*t = -4*a + 112. Let n = w - a. What is the greatest common factor of 13 and n?
13
Let g be -8*(-15)/(-18)*9/(-10). Let m be (-4 + (1 - -2))/(g/(-228)). What is the greatest common factor of m and 418?
38
Let r be (2 - 2) + 22 + 2. Let q(u) = -9*u**2 + 7*u - 1. Let h be q(3). Let w = -45 - h. What is the highest common divisor of w and r?
8
Suppose -7*z + 432 = -z. What is the highest common divisor of 162 and z?
18
Let r = -4 - 35. Let m = -35 - r. Let u = 82 - 46. Calculate the greatest common divisor of u and m.
4
Let q = 253 - 73. Suppose 5*u - 9 = 2*u. Suppose 0 = u*t - 7*t + q. Calculate the greatest common divisor of 15 and t.
15
Suppose 3*q - 2*o - 56 = -q, -2*o = 4. Suppose -6 = -3*k - 0*k. Suppose r = -4*b + 4, k*b + q = 3*r + 1. Calculate the greatest common factor of 32 and r.
4
Suppose 30 = -g - 4*l, 0*g + l = 3*g + 25. Let b be 8/(-10)*g/4. Calculate the highest common divisor of 22 and b.
2
Let r(h) = -h - h + 4*h + 6 + 0*h - 5*h**2. Let c be r(7). Let a be c/(-5)*(-2)/(-6). Calculate the highest common factor of 3 and a.
3
Let n(r) = 3*r**2 - r + 55. Let z be n(13). Calculate the highest common factor of 61 and z.
61
Let i = 36 + -18. Suppose 0 = 5*v - 4*n - 908, 38 = 2*v - n - 324. What is the greatest common divisor of i and v?
18
Let f = -29 + 39. Let n(d) be the third derivative of d**5/60 - d**4/3 - 3*d**3/2 - 2*d**2. Let y be n(f). Calculate the highest common factor of y and 77.
11
Let i(s) = -s**2 - 3*s. Let c be (-2)/(1 - (-1)/(-3)). Let q be i(c). Suppose q + 9 = l. What is the greatest common divisor of 9 and l?
9
Suppose 0*i + 44 = 2*i. Let g = -6 + i. Let h be (2 - -10) + 16/(-12)*3. Calculate the highest common factor of g and h.
8
Let z = 168 - 112. Suppose 4*v - 4*x = 32, 2*x - 441 = -4*v - 361. Calculate the highest common divisor of z and v.
8
Suppose 0 = -4*q - g + 3297, 2*g = -q + 140 + 679. What is the highest common factor of q and 33?
33
Let c = 396 - 375. Calculate the highest common divisor of c and 15.
3
Let f be (1 - -2)/(4/(-12)). Let k be (-6 - 6/(-2))*f. What is the greatest common factor of k and 135?
27
Let n be (-3)/(-3*(-7)/595). Let k be ((-918)/n)/(3/15). Let o = 14 - 8. What is the greatest common divisor of o and k?
6
Let o = 12 - 13. Let u be (-2 + 1)/(o/7). What is the greatest common factor of 28 and u?
7
Suppose 36*j - 5*q = 35*j + 913, 0 = -2*j + 5*q + 1841. What is the greatest common divisor of j and 29?
29
Let b be (28512/52)/11 - (-4)/26. Let l(s) = -22*s - 7. Let x be l(-6). Calculate the greatest common divisor of x and b.
25
Suppose 22*p - 3*x = 26*p - 57, -3*p + 39 = 3*x. What is the highest common factor of 486 and p?
18
Suppose -342*g + 332*g + 1190 = 0. Calculate the greatest common divisor of 17 and g.
17
Suppose 0 = -18*o + 17*o. Let f(k) = -k + 8. Let l be f(o). Suppose -l*y = -345 - 135. What is the greatest common divisor of 12 and y?
12
Suppose -6*b = -j - 3*b - 21, -j = b + 25. Let k = j + 38. Let a be 11/((-88)/(-16)) - -5. Calculate the greatest common factor of k and a.
7
Let c = -66 - -77. Suppose 0 = -c*r - 597 + 3622. Calculate the greatest common factor of 25 and r.
25
Let d(v) = v**2 + 2*v + 7. Let z = 20 + -20. Let o be d(z). Calculate the greatest common factor of 1 and o.
1
Let g = 44 + -38. What is the highest common divisor of 348 and g?
6
Suppose -2*q = -4*o - 64, 5*o + 0*o = -5. Let d be 9/(-3*3/q). Let l = -24 - d. Calculate the greatest common factor of 3 and l.
3
Let m be 10 - (-2)/(-5 - (-1 + -2)). Calculate the greatest common divisor of m and 33.
3
Suppose 0 = -0*x - 4*x - 4. Let v be x/(-2)*0 - -28. Calculate the highest common divisor of v and 56.
28
Suppose l = 0, 6*v + 2380 = 11*v + 3*l. Calculate the highest common divisor of 357 and v.
119
Suppose 0*h = 2*h. Suppose h = 3*d - 8*d + 75. Calculate the highest common factor of 15 and d.
15
Let y(z) = z**2 - 9*z + 18. Let k be y(12). Calculate the highest common divisor of k and 30.
6
Let i = 241 + -95. Let f be (-14)/35 + i/(-10). Let x = 31 + f. What is the greatest common divisor of x and 112?
16
Let i be (-3*2/(-10))/((-11)/(-7535)). What is the highest common factor of i and 3?
3
Let b = 242 - 232. What is the greatest common divisor of b and 265?
5
Suppose z + 0*z - 32 = -2*w, 3*w - 4*z - 59 = 0. Let k be -1 - ((-12)/4 - 83). What is the highest common factor of k and w?
17
Suppose -12*w = -6*w + 108. Let a be 1/2 - (w/(-4))/(-9). What is the highest common factor of a and 11?
1
Suppose -3*k = 2 - 5. Let x(j) = -2*j + 2. Let t be x(k). Let g(i) = -i + 3. Let f be g(t). What is the greatest common divisor of f and 33?
3
Let l(b) = 7*b + 8. Let y be l(13). Let g = y + -95. Calculate the highest common factor of g and 36.
4
Suppose 148 = -7*g + 2010. Suppose k + 4*i = 56, -4*k - i = -g + 72. What is the greatest common divisor of 168 and k?
24
Let j be ((-13)/2 + -3)*-28. Suppose 4*h + j = 2*k, -4*k - k + h + 620 = 0. What is the greatest common divisor of 82 and k?
41
Let k(s) = s**2 - 4*s. Let g be k(7). Let d = -6 + g. What is the highest common divisor of 10 and d?
5
Let o be 1/3 - 255/9. Let q = 50 + o. Let g be 9*(q/6 - -3). What is the highest common factor of g and 24?
12
Let t(u) = -2*u**2 + 3*u + 204. Let i be t(0). What is the greatest common divisor of i and 12?
12
Let j = 190 + -154. Calculate the highest common divisor of j and 252.
36
Suppose -4*t + 3*d + 27 = 0, -3*t - d = -5*t + 11. Calculate the greatest common factor of t and 14.
1
Let y = -6709 + 6734. Let m(i) = -2*i**3 + 3*i**2 + i - 3. Let p be m(-3). What is the greatest common divisor of p and y?
25
Let l(m) be the first derivative of -m**3/3 + 5*m**2/2 + 29*m + 24. Let v be l(8). Calculate the highest common factor of v and 1.
1
Let d(g) = 1